{"id":203,"date":"2025-07-13T12:57:48","date_gmt":"2025-07-13T10:57:48","guid":{"rendered":"https:\/\/maryseguez.com\/?page_id=203"},"modified":"2025-07-13T13:07:50","modified_gmt":"2025-07-13T11:07:50","slug":"somato-psychopedagogie","status":"publish","type":"page","link":"https:\/\/maryseguez.com\/index.php\/somato-psychopedagogie\/","title":{"rendered":"Somato-psychop\u00e9dagogie"},"content":{"rendered":"\n<h2 class=\"wp-block-heading has-text-align-center\"><strong>\u00ab\u00a0Le corps porte en lui les cl\u00e9s <\/strong><strong>de nos transformations profondes.\u00a0\u00bb<\/strong><\/h2>\n\n\n\n<p>La somato-psychop\u00e9dagogie est une approche douce et globale qui vous accompagne dans votre transformation, \u00e0 votre rythme. Elle associe le&nbsp;<strong>toucher des fascias<\/strong>, le&nbsp;<strong>mouvement conscient<\/strong>&nbsp;et la&nbsp;<strong>parole<\/strong>, pour vous aider \u00e0 mieux sentir, comprendre et habiter votre corps.<\/p>\n\n\n\n<p>C\u2019est un travail en profondeur qui agit autant sur les&nbsp;<strong>douleurs physiques<\/strong>&nbsp;que sur les&nbsp;<strong>tensions int\u00e9rieures, le stress ou les blocages \u00e9motionnels<\/strong>. En reconnectant le corps et l\u2019esprit, cette m\u00e9thode vous permet de&nbsp;<strong>retrouver du mouvement l\u00e0 o\u00f9 \u00e7a fige<\/strong>, de&nbsp;<strong>d\u00e9velopper vos perceptions<\/strong>, et de&nbsp;<strong>relancer vos capacit\u00e9s d\u2019adaptation, de r\u00e9flexion et d\u2019expression<\/strong>.<\/p>\n\n\n\n<p>Un accompagnement bienveillant pour retrouver du sens, du souffle, et du lien avec soi.<\/p>\n","protected":false},"excerpt":{"rendered":"<p>\u00ab\u00a0Le corps porte en lui les cl\u00e9s de nos transformations profondes.\u00a0\u00bb La somato-psychop\u00e9dagogie est une approche douce et globale qui vous accompagne dans votre transformation, \u00e0 votre rythme. Elle associe le&nbsp;toucher des fascias, le&nbsp;mouvement conscient&nbsp;et la&nbsp;parole, pour vous aider \u00e0 mieux sentir, comprendre et habiter votre corps. C\u2019est un travail en profondeur qui agit autant [&hellip;]<\/p>\n","protected":false},"author":1,"featured_media":0,"parent":0,"menu_order":0,"comment_status":"closed","ping_status":"closed","template":"","meta":{"footnotes":""},"class_list":["post-203","page","type-page","status-publish","hentry"],"_links":{"self":[{"href":"https:\/\/maryseguez.com\/index.php\/wp-json\/wp\/v2\/pages\/203","targetHints":{"allow":["GET"]}}],"collection":[{"href":"https:\/\/maryseguez.com\/index.php\/wp-json\/wp\/v2\/pages"}],"about":[{"href":"https:\/\/maryseguez.com\/index.php\/wp-json\/wp\/v2\/types\/page"}],"author":[{"embeddable":true,"href":"https:\/\/maryseguez.com\/index.php\/wp-json\/wp\/v2\/users\/1"}],"replies":[{"embeddable":true,"href":"https:\/\/maryseguez.com\/index.php\/wp-json\/wp\/v2\/comments?post=203"}],"version-history":[{"count":6,"href":"https:\/\/maryseguez.com\/index.php\/wp-json\/wp\/v2\/pages\/203\/revisions"}],"predecessor-version":[{"id":222,"href":"https:\/\/maryseguez.com\/index.php\/wp-json\/wp\/v2\/pages\/203\/revisions\/222"}],"wp:attachment":[{"href":"https:\/\/maryseguez.com\/index.php\/wp-json\/wp\/v2\/media?parent=203"}],"curies":[{"name":"wp","href":"https:\/\/api.w.org\/{rel}","templated":true}]}}